{"id":968,"date":"2021-04-17T04:49:59","date_gmt":"2021-04-17T04:49:59","guid":{"rendered":"http:\/\/localhost\/wordpress\/index.php\/home-2\/"},"modified":"2026-03-01T16:16:40","modified_gmt":"2026-03-01T16:16:40","slug":"inicio","status":"publish","type":"page","link":"https:\/\/benihogar.com\/","title":{"rendered":"Home"},"content":{"rendered":"\n<h1>BENIHOGAR<\/h1>\n\t<h1>\n\t\t\t\t\tVenta de productos de hogar, limpieza y m\u00e1s.\n\t\t\t\t<\/h1>\n\t\t\t<p>20 a\u00f1os vendiendo y repartiendo productos a minoristas desde nuestro almac\u00e9n situado en Benij\u00f3far (Alicante)<\/p>\n\t\t\t<a href=\"http:\/\/localhost\/wordpress\/index.php\/contact-2\/\" target=\"_self\" role=\"button\" rel=\"noopener\">\n\t\t\t\t\t\tContacta con nosotros\n\t\t<\/a>\n<h2>\n\t\tSERVICIOS\n\t<\/h2>\n\t<h2>\n\t\t\t\t\tQU\u00c9 HACEMOS\n\t\t\t\t<\/h2>\n\t\t\t\t<img decoding=\"async\" src=\"\/img\/furgo.jpeg\" alt=\"furgo.jpeg\" itemprop=\"image\" title=\"furgo.jpeg\" onerror=\"this.style.display='none'\">\n<h2>\n\t\tRepartimos por diversos lugares de Alicante, especialmente en la Vega Baja.\n\t<\/h2>\n\t\t\t\t<img decoding=\"async\" src=\"\/img\/carro.jpeg\" alt=\"carro.jpeg\" itemprop=\"image\" title=\"carro.jpeg\" onerror=\"this.style.display='none'\">\n<h2>\n\t\tVenta al p\u00fablico. Recibimos a los clientes en el almac\u00e9n, los aconsejamos y aclaramos sus dudas.\n\t<\/h2>\n\t\t\t\t<img decoding=\"async\" src=\"\/img\/cubo.jpg\" alt=\"cubo.jpg\" itemprop=\"image\" title=\"cubo.jpg\" onerror=\"this.style.display='none'\">\n<h2>\n\t\tSeleccionamos nuestros productos fij\u00e1ndonos en la mejor calidad-precio y variedad.\n\t<\/h2>\n<h2>\n\t\tCon\u00f3cenos mejor\n\t<\/h2>\n<h2>\n\t\tNuestro almac\u00e9n en cifras\n\t<\/h2>\n\t<h2><strong>+100<\/strong><\/h2>\n<p>Clientes<\/p>\n\t<h2><strong>6<\/strong><\/h2>\n<p>Expertos trabajando<\/p>\n\t<h2><strong>+6000<\/strong><\/h2>\n<p>Productos<\/p>\n\t<h2><strong>100%<\/strong><\/h2>\n<p>Clientes satisfechos<\/p>\n\t<h2>\n\t\t\t\t\tNUESTRA VARIEDAD DE PRODUCTOS\n\t\t\t\t<\/h2>\n\t\t\t<ul>\n<li><strong>Limpieza: Lej\u00eda, Detergente, Quitagrasa, Amoniaco, Friegasuelos, Multiuso, Suavizante, Estropajo, Bayetas, etc\u2026<\/strong><\/li>\n<li><strong>Menaje: Vajilla, Cubiertos, Utensilios de cocina, Botellas, Aceiteras, Saleros, etc\u2026<\/strong><\/li>\n<li><strong>Higiene: Gel, Champu, Desodorantes, Bucal, Depilatorios, Afeitado, Compresas, Lociones, Botiqu\u00edn, etc..<\/strong><\/li>\n<li><strong>Papel: Servilletas, Higi\u00e9nico, Cocina, Pa\u00f1uelos, etc\u2026<\/strong><\/li>\n<li><strong>Papeler\u00eda: Material escolar y de oficina, Agendas, Folios, Manualidades, etc\u2026<\/strong><\/li>\n<li><strong>Ordenaci\u00f3n:<\/strong>&nbsp;<strong>Cajoneras, Fiambreras, Cestas, Cajas, Ba\u00fales, Cubos, Contenedores, etc\u2026<\/strong><\/li>\n<li><strong>\u00a1Y mucho m\u00e1s! Ferreter\u00eda, Ba\u00f1o, Juguetes, Fiesta, Decoraci\u00f3n, Jard\u00edn, Cocina, Mercer\u00eda, Iluminaci\u00f3n, desechables, electr\u00f3nica, etc\u2026<\/strong><\/li>\n<\/ul>\n","protected":false},"excerpt":{"rendered":"<p>BENIHOGAR Venta de productos de hogar, limpieza y m\u00e1s. 20 a\u00f1os vendiendo y repartiendo productos a minoristas desde nuestro almac\u00e9n situado en Benij\u00f3far (Alicante) Contacta con nosotros SERVICIOS QU\u00c9 HACEMOS Repartimos por diversos lugares de Alicante, especialmente en la Vega Baja. Venta al p\u00fablico. Recibimos a los clientes en el almac\u00e9n, los aconsejamos y aclaramos [&hellip;]<\/p>\n","protected":false},"author":1,"featured_media":0,"parent":0,"menu_order":0,"comment_status":"closed","ping_status":"closed","template":"","meta":{"om_disable_all_campaigns":false,"_monsterinsights_skip_tracking":false,"_monsterinsights_sitenote_active":false,"_monsterinsights_sitenote_note":"","_monsterinsights_sitenote_category":0,"site-sidebar-layout":"no-sidebar","site-content-layout":"page-builder","ast-site-content-layout":"","site-content-style":"default","site-sidebar-style":"default","ast-global-header-display":"","ast-banner-title-visibility":"","ast-main-header-display":"","ast-hfb-above-header-display":"","ast-hfb-below-header-display":"","ast-hfb-mobile-header-display":"","site-post-title":"disabled","ast-breadcrumbs-content":"disabled","ast-featured-img":"disabled","footer-sml-layout":"","theme-transparent-header-meta":"enabled","adv-header-id-meta":"","stick-header-meta":"","header-above-stick-meta":"","header-main-stick-meta":"","header-below-stick-meta":"","astra-migrate-meta-layouts":"default","ast-page-background-enabled":"default","ast-page-background-meta":{"desktop":{"background-color":"","background-image":"","background-repeat":"repeat","background-position":"center center","background-size":"auto","background-attachment":"scroll","background-type":"","background-media":"","overlay-type":"","overlay-color":"","overlay-opacity":"","overlay-gradient":""},"tablet":{"background-color":"","background-image":"","background-repeat":"repeat","background-position":"center center","background-size":"auto","background-attachment":"scroll","background-type":"","background-media":"","overlay-type":"","overlay-color":"","overlay-opacity":"","overlay-gradient":""},"mobile":{"background-color":"","background-image":"","background-repeat":"repeat","background-position":"center center","background-size":"auto","background-attachment":"scroll","background-type":"","background-media":"","overlay-type":"","overlay-color":"","overlay-opacity":"","overlay-gradient":""}},"ast-content-background-meta":{"desktop":{"background-color":"var(--ast-global-color-5)","background-image":"","background-repeat":"repeat","background-position":"center center","background-size":"auto","background-attachment":"scroll","background-type":"","background-media":"","overlay-type":"","overlay-color":"","overlay-opacity":"","overlay-gradient":""},"tablet":{"background-color":"var(--ast-global-color-5)","background-image":"","background-repeat":"repeat","background-position":"center center","background-size":"auto","background-attachment":"scroll","background-type":"","background-media":"","overlay-type":"","overlay-color":"","overlay-opacity":"","overlay-gradient":""},"mobile":{"background-color":"var(--ast-global-color-5)","background-image":"","background-repeat":"repeat","background-position":"center center","background-size":"auto","background-attachment":"scroll","background-type":"","background-media":"","overlay-type":"","overlay-color":"","overlay-opacity":"","overlay-gradient":""}},"footnotes":""},"class_list":["post-968","page","type-page","status-publish","hentry"],"uagb_featured_image_src":{"full":false,"thumbnail":false,"medium":false,"medium_large":false,"large":false,"1536x1536":false,"2048x2048":false},"uagb_author_info":{"display_name":"Aoikaze","author_link":"https:\/\/benihogar.com\/index.php\/author\/aoikaze\/"},"uagb_comment_info":0,"uagb_excerpt":"BENIHOGAR Venta de productos de hogar, limpieza y m\u00e1s. 20 a\u00f1os vendiendo y repartiendo productos a minoristas desde nuestro almac\u00e9n situado en Benij\u00f3far (Alicante) Contacta con nosotros SERVICIOS QU\u00c9 HACEMOS Repartimos por diversos lugares de Alicante, especialmente en la Vega Baja. Venta al p\u00fablico. Recibimos a los clientes en el almac\u00e9n, los aconsejamos y aclaramos&hellip;","_links":{"self":[{"href":"https:\/\/benihogar.com\/index.php\/wp-json\/wp\/v2\/pages\/968","targetHints":{"allow":["GET"]}}],"collection":[{"href":"https:\/\/benihogar.com\/index.php\/wp-json\/wp\/v2\/pages"}],"about":[{"href":"https:\/\/benihogar.com\/index.php\/wp-json\/wp\/v2\/types\/page"}],"author":[{"embeddable":true,"href":"https:\/\/benihogar.com\/index.php\/wp-json\/wp\/v2\/users\/1"}],"replies":[{"embeddable":true,"href":"https:\/\/benihogar.com\/index.php\/wp-json\/wp\/v2\/comments?post=968"}],"version-history":[{"count":66,"href":"https:\/\/benihogar.com\/index.php\/wp-json\/wp\/v2\/pages\/968\/revisions"}],"predecessor-version":[{"id":1128,"href":"https:\/\/benihogar.com\/index.php\/wp-json\/wp\/v2\/pages\/968\/revisions\/1128"}],"wp:attachment":[{"href":"https:\/\/benihogar.com\/index.php\/wp-json\/wp\/v2\/media?parent=968"}],"curies":[{"name":"wp","href":"https:\/\/api.w.org\/{rel}","templated":true}]}}